se 2*s - 3*s - b*d - 220 = 0, d + 440 = -2*s. Let n = s - -308. What is the tens digit of n?
8
Suppose 0 = -18*n + 38333 - 8939. What is the thousands digit of n?
1
Suppose 12*y + 905 = 17*y. Suppose -y + 781 = 15*w. What is the units digit of w?
0
Let d = 526 + 1966. What is the tens digit of 8/(-20) + -3 + d/5?
9
Let c(f) = 4*f + 23. Let l be c(-6). Let t be l*(-208 + 4 + -2). Suppose -249 = -2*r - 3*z + t, -3*z = -r + 214. What is the units digit of r?
3
Suppose -3*x + 3*t = -69, 2*x = 4*t + 52 - 8. Suppose -x*h + 25*h - 619 = 0. What is the tens digit of h?
1
Suppose -27 = -a - 2*a. Suppose 24 = 4*w - 3*u, -3*w + 12 = -3*u - a. What is the tens digit of w + (0 - -10*1*7)?
7
Let t(v) = 11*v - 194. Let g be t(17). What is the hundreds digit of 1110 - g - 6 - 4?
1
Let t = 29573 - -32112. What is the ten thousands digit of t?
6
Let f(l) = -l**3 - 5*l**2 + 5*l + 2. Let o be f(-6). Suppose -63 = -11*g - o. Suppose 0 = -g*a - i + 476, -i - 4*i = -2*a + 212. What is the tens digit of a?
9
Let c(u) = 2235*u**2 + 13*u + 22. What is the units digit of c(-1)?
4
Let r(g) = -96*g - 21. Let u(f) = -f**3 + 15*f**2 - 35*f - 17. Let y be u(12). What is the tens digit of r(y)?
5
Let d(x) = x**3 - 18*x**2 + 30*x + 39. Let t be d(16). Suppose -t*b + 367 + 3056 = 0. What is the tens digit of b?
8
Suppose -5*x + 3143 - 213 = -5*d, 0 = -5*d + 3*x - 2924. Let s = -110 - d. What is the tens digit of s?
7
What is the thousands digit of 18/(-9) - (-3266 + -15)?
3
Suppose 4*y - 429 + 421 = 0. Suppose y*r - 3*r = 3*s - 332, 4 = -r. What is the tens digit of s?
1
Suppose 2*c - 3*x = 139, -4 = 2*x - 6. Let n = c - -39. What is the units digit of n?
0
Let s be ((-122)/(-3) - -8)*(-6)/4. Let z = s + 76. What is the units digit of (-9)/27 + 214/z?
1
Let f(y) = -19*y - 18. Let b = -194 - -122. Let t = b + 66. What is the units digit of f(t)?
6
Suppose 0*f + 2*f = 0. Suppose f = 34*r - 33*r - 7. Suppose r*u = u + 906. What is the units digit of u?
1
Suppose -2*s = -5*w - 43, w - 3*w - 2*s - 20 = 0. Let i be 0 + w/(-6) - 12/(-8). Suppose -i*h + 5*l = h - 480, -16 = -4*l. What is the units digit of h?
5
Suppose -9074 = 4*g - 31674. Suppose -5*p - 437 - g = -4*s, -5*s + 5*p + 7615 = 0. What is the thousands digit of s?
1
Suppose -42*c - 32768 = 17884. Let i = 2545 + c. What is the tens digit of i?
3
Let u(p) = 137*p**2 - 380*p + 1. What is the thousands digit of u(-4)?
3
What is the thousands digit of ((-636)/(-16))/((-33)/(-2332))?
2
Let o = -31077 - -65350. What is the units digit of o?
3
Let s(t) = 71*t**2 + 10*t + 36. Let m be s(5). Suppose m + 1323 = 8*v. What is the units digit of v?
8
Let p = -21 - -27. Suppose -3*t - p = -2*t. What is the tens digit of (-1)/(10/(-75)*t/(-76))?
9
What is the ten thousands digit of (-37 + 33)/(48/(-204924))?
1
Let p(a) = -a**3 + 4*a**2 + a - 1. Let r be p(4). Suppose r*t + 0 - 6 = -3*o, -3*t - 4*o = -6. What is the tens digit of (t/((-16)/62))/(19/(-76))?
3
Let z(n) be the first derivative of -n**3/3 + n**2/2 + 433*n + 92. What is the tens digit of z(0)?
3
Let b(n) = 28*n**2 - n + 5. Let t be b(-3). Suppose 0 = 5*j + 2*v + 3*v + 660, -2*j - v = t. Let l = 338 + j. What is the hundreds digit of l?
2
Let c = 22 - 30. Let z(u) = -4*u - 7. Let q be z(c). Suppose -3*a + 3*t + 115 = q, -t = 2*a - 63. What is the tens digit of a?
3
Let y(f) = 8389*f**2 + 19*f - 48. What is the ten thousands digit of y(2)?
3
Let l be (4/6)/(11/(-33)). What is the hundreds digit of 2 - 1 - l - (-18531)/87?
2
Let m(b) = 109 - 56 + 153 + b. Let w be 8/(-72)*0*(-1)/(-2). What is the hundreds digit of m(w)?
2
Let x(u) be the third derivative of -u**6/120 + 9*u**5/20 - 31*u**4/12 + 3*u**3/2 + 59*u**2. What is the units digit of x(23)?
9
Suppose -3*q - 21 = -3*r, 5*q - 7 + 26 = r. Suppose r*g - 98 = 94. What is the units digit of g?
8
Suppose 4*y - 34588 + 1936 = -f, y + 2*f = 8170. What is the tens digit of y?
6
What is the hundreds digit of (384/(-256))/(1/(-5366))?
0
Suppose u = 3*g + 3960, 5*u - 17390 = -3*g + 2356. What is the tens digit of u?
5
Let k = -43 + 108. Suppose 0 = 4*t + t - k. Suppose -18*x + t*x + 965 = 0. What is the tens digit of x?
9
What is the tens digit of 7/14*(-27672)/(-3)?
1
Let z(v) be the first derivative of v**3/3 - v**2/2 - 2*v - 30. Let b be z(3). Suppose 0 = b*s + 16, -3*f - 4*s + 104 = -0*s. What is the tens digit of f?
4
Suppose 0 = -20*u + 10*u + 220. What is the units digit of (u/(-6))/((-2)/24)?
4
Let x(u) = 1074*u + u**3 + 4*u**2 - 3225*u + 1080*u + 1 + 1074*u. Suppose -m + 6 - 2 = 0. What is the tens digit of x(m)?
4
Let u(z) = 83*z - 70. Let g be u(8). Suppose -12*o + 15*o = g. What is the tens digit of o?
9
Suppose -2*z - 247 = o + 4*o, 0 = -o + 1. Let t = 599 + z. What is the units digit of t?
3
What is the tens digit of (-36)/(-486) - 577744/(-27)?
9
Suppose 1005 - 3157 = -2*p. Suppose p + 3006 = 13*b. What is the tens digit of b?
1
Let x(d) = 10*d**2 + 62*d + 447. What is the hundreds digit of x(-47)?
6
Suppose -5*d + 45 = 4*d. Suppose d*z + 843 = 2*t, 3*t + z = 2*t + 418. What is the units digit of t?
9
What is the tens digit of (3 - 13215)/(6 + 120/(-16))?
0
Suppose 4*j = -20*j - 13728. Let r = j + 1473. What is the hundreds digit of r?
9
Suppose -12*b + 2065 = -11795. Suppose -207 - b = -2*q + 2*m, 4*m - 1374 = -2*q. What is the tens digit of q?
8
What is the hundreds digit of 14/35*17177155/82?
7
Suppose 0*k - 3*l = 5*k + 75, l = 5*k + 55. Let o be (-3)/(k/40*2). Suppose 5*d - p = p + 335, -25 = -o*p. What is the tens digit of d?
6
Let n = 180 + -180. Suppose h - 4*j - 192 = 0, n = -2*h + 3*j + 260 + 144. What is the units digit of h?
8
Let c = 24 + -3. Suppose 0 = -t - 9*o + 4*o - c, 3*o + 23 = 2*t. What is the hundreds digit of t/((-48)/(-75))*4*7?
1
Let h = 7844 - 2964. What is the hundreds digit of h?
8
Let y = -449 + 449. Suppose 5948 = 4*d - 30*u + 29*u, y = 4*d - 3*u - 5956. What is the thousands digit of d?
1
Let c be (-1)/(-4) + 44/16. Suppose c*k - 11 - 13 = 0. Suppose 0 = -k*z - 482 + 2322. What is the units digit of z?
0
Suppose -5*b - 21*w = -23*w - 20801, 0 = 5*b - 4*w - 20807. What is the units digit of b?
9
Let l(m) = m**3 - 44*m**2 + 46*m - 69. Let b be l(39). What is the units digit of (-20)/(-15) - (b/18 + -4)?
2
Let w(u) = 83*u**2 + 8220 + 0*u - 8231 + 3*u. What is the hundreds digit of w(3)?
7
Suppose 0 = p + 4*j - 556, p + 4*p - 2723 = -j. What is the units digit of p/96 + (-8)/(-6)?
7
Suppose 0 = 3*n - i - 302, -i + 5 = 4*i. Let b = 197 - n. What is the tens digit of b?
9
Let f be (18/(-12)*2)/((-3)/5). Let k be (5 + -2 + f)/(-2). What is the units digit of (-2 - 2)*(4 + 90/k)?
4
What is the thousands digit of -2 + 48084 - ((-10)/9 + (-30)/(-27))?
8
Let f = 403 + -60. Suppose 0 = -3*o + 5*r + 82 + 896, o - f = -4*r. What is the tens digit of o?
3
Let i(o) = o - 16. Let k be i(5). Let x(l) = 4*l**2 - 19*l + 5. What is the hundreds digit of x(k)?
6
Suppose -3*c - 5*n = -113637, 0 = -3*c - 144*n + 148*n + 113664. What is the thousands digit of c?
7
Let m(o) = 74*o - 63. Let i be m(2). Let n = 1440 - i. What is the hundreds digit of n?
3
Let o(t) = -3*t + 15. Suppose -b + k = 0, -b + 6 + 9 = 2*k. Let q be o(b). Suppose q = f - 3*f + 334. What is the tens digit of f?
6
What is the units digit of -3 - -92649*((-1)/1)/(0 + -3)?
0
Suppose g - 4*k = -g + 6, -3*g = 5*k - 20. Suppose 0 = -4*t + 2*h - 0*h + 74, -g*t - 5*h = -115. Suppose -t*w + 21*w - 21 = 0. What is the units digit of w?
1
Suppose 11*r - 139196 = 232507 + 58716. What is the units digit of r?
9
Let y(h) be the third derivative of h**6/120 + 13*h**5/30 + 3*h**4/8 - 59*h**3/3 + 3*h**2 - 69*h. What is the hundreds digit of y(-24)?
8
Suppose 41*d = 41244 + 17263. What is the units digit of d?
7
Let z = -13784 + 23351. What is the hundreds digit of z?
5
Let c(p) = p**2 + 5*p - 110. Let y be c(-13). Let t(u) = 2*u**2 + 8*u + 10. What is the tens digit of t(y)?
3
Let n = 49 + -53. Let m be (1 - 5)/(n/3). Suppose -m*z + 3*v + 18 = 0, 3*z - z + 2*v - 20 = 0. What is the units digit of z?
8
What is the thousands digit of 2*14/(-4) + (13545 - (-5 - -15))?
3
Let d(n) = -11*n**3 - 2*n**2 - 3*n + 3. Let s be d(4). Let x be (1 + 3)/(s/250 - -3). Suppose -a = a - x. What is the hundreds digit of a?
1
Suppose 9*b - 79 = 8*b. Let g = b - 77. Suppose -g*t + 4